3 + 3 - 6?
-7
Calculate (-3 - -7 - (-5 + 8)) + -7.
-6
Calculate 5 + (2 + 2 - 13).
-4
Evaluate (-3 - -2) + (21 - 18).
2
What is -7 - (1 + -2) - -10 - -3?
7
Calculate (-8 + -1 - -8) + -3.
-4
What is the value of (5 - (-3 - 1)) + -6?
3
Calculate 2 - 0 - (1 + -2).
3
-8 - -8 - (-3 - -2)
1
1 - (1 + -1 - (2 - 0))
3
Evaluate 6 + -4 + -3 + 2.
1
What is the value of (6 - 7) + 1 + 2 + -5?
-3
Evaluate 0 - (-2 + (5 - 3)) - -1.
1
What is the value of 0 - (5 - (-4 + (16 - 6)))?
1
What is 3 - 1 - (-4 - (6 + -11))?
1
5 - -15 - (3 + 8)
9
What is 2 - (0 - -4 - (28 + -24))?
2
Evaluate 0 + 2 + -5 + 6.
3
Calculate (1 - 6) + (-7 - -14) - -3.
5
-2 + -8 + 7 + -3 + 8
2
Calculate (-7 - 1) + (1 - -2).
-5
What is 0 - (-8 - (-4 + 7)) - 6?
5
Calculate -4 - ((-1 - (-6 + 2)) + -3).
-4
What is (0 - -2 - (-1 - -3)) + 5?
5
What is (-7 - -1) + 10 + -6 - 2?
-4
-4 + (10 - (0 + 6))
0
Evaluate (5 - 8) + 6 - (0 - 0).
3
Evaluate 2 + -1 - (1 + -1 + 2).
-1
What is -1 - (-2 - (-2 + 1) - -2)?
-2
Evaluate 4 + -2 + -8 + -8 + 4.
-10
Calculate -4 + -2 + 14 + -4.
4
What is (-3 - -8) + -2 + -1 + 2?
4
What is 2 + 2 + 5 + -10?
-1
Evaluate -21 + 1 - (26 - 36).
-10
What is the value of 3 - ((2 - (4 + -5)) + 0)?
0
Evaluate 9 + 0 + -1 - (11 - 8).
5
Calculate -4 - -5 - -7 - 14.
-6
(0 - 3 - 0) + (0 - -7)
4
Evaluate (-2 - -10 - 11) + 12.
9
Evaluate 3 + (-7 + 1 + 0 - -2).
-1
Calculate (4 - -1) + (-16 - (0 - 6)).
-5
(-1 - 7) + (-88 - -94)
-2
What is 4 - (8 + -4 + -4)?
4
Calculate 2 + 7 + -16 + 0.
-7
Evaluate -2 + (10 + -16 - -3).
-5
3 + -1 + (-7 - (-6 - 4))
5
Evaluate -1 + (3 + -3 - -4).
3
(8 + -1 - 4) + 0
3
4 + (-2 - -9 - 5)
6
Evaluate 4 + 1 - (14 - 5).
-4
3 + (4 - 10) + 6
3
Evaluate -2 - 3 - (-10 + (-4 - -8)).
1
Evaluate (1 - (0 + 5)) + 6.
2
Calculate (5 - -6) + -21 - -12.
2
Evaluate -4 - -4 - (-8 + 4).
4
What is the value of (-12 + 2 - -4) + 6?
0
Evaluate -5 + -3 + 6 + 7 + -1.
4
What is 3 + -5 - (-6 + 14) - -2?
-8
(-2 - (-1 + -1 + -1)) + 3
4
Calculate -112 + 118 - (-1 - -9).
-2
Calculate -6 - -4 - -6 - (-7 - -10).
1
What is -2 - (-4 + 8 + 1)?
-7
What is -2 + -1 + 3 + 3?
3
Calculate -1 + (9 - (-2 + 9)).
1
What is 7 + (-1 - -2) + (-2 - -1)?
7
What is the value of -2 + 4 + -1 + -38 + 32?
-5
What is 11 + -10 + 3 + (-1 - -2)?
5
What is -12 - (-10 + (-2 - -6))?
-6
Calculate 0 - (-1 + -12 - (42 - 49)).
6
What is 0 + -1 + (103 - 91)?
11
Evaluate -5 - 4 - (3 - 19).
7
21 - 10 - (-1 + 9)
3
What is 10 + -20 + (5 - (3 + -2))?
-6
What is the value of -7 - (-19 + (-3 - -14))?
1
What is the value of 1 + 7 - (-17 + -6 - -30)?
1
What is 3 + (-4 - (-11 - -3) - 6)?
1
(4 - -1) + -8 + -1
-4
Calculate 8 - ((3 - 4) + 10).
-1
What is the value of -3 - (-5 - (6 + -3) - 0)?
5
What is the value of 0 + 13 + (-21 - -15)?
7
Calculate -2 + 2 + (-1 - -5).
4
(-4 - -3) + -4 - (-10 + 2)
3
Calculate 0 - ((3 - (-1 + 1)) + 1).
-4
Calculate 7 - (3 - (3 + -3)).
4
Calculate -3 + 9 + (0 - 4).
2
What is the value of -9 - (-8 + 8 + -13)?
4
Evaluate 6 - (11 + 7 + -10).
-2
Calculate 8 + (-6 - 5) - -8.
5
What is -11 + 7 - (1 - 3)?
-2
1 + (-3 + (2 - -1) - -3)
4
What is (3 - 8 - (1 - 10)) + -9?
-5
Evaluate 7 + -2 + -5 + 1.
1
What is 6 + 1 + -5 + (-10 - -13)?
5
-2 + (1 - 2) + 3
0
What is the value of 7 - (5 - (-5 - -5 - -4))?
6
Evaluate -7 + -11 + 8 - -15.
5
What is 0 + -5 - (-2 + 4 - 4)?
-3
Calculate (6 - -4) + (-2 - (-3 + 4)).
7
What is the value of 2 - (1 - (-2 - -1)) - 1?
-1
-33 - -40 - (-1 - (0 + -3))
5
Evaluate -2 - 5 - (-6 - (6 - 6)).
-1
-8 + 8 - 6 - -6
0
What is 5 + -4 + (7 - 6)?
2
Evaluate (-2 - -4) + -1 - (3 + -6).
4
What is (-5 - -6) + 4 + -3 + 0?
2
What is -132 + 148 - (12 - 1)?
5
What is 2 - (-12 + 8) - 6?
0
What is the value of -1 - -4 - (-4 - -9 - -2)?
-4
What is -1 - (2 + 1 - 4) - -3?
3
-4 + 5 + (6 - 3)
4
Evaluate 0 + 0 - (0 - (4 - -1)).
5
3 + (1 + 2 - 1) + 0
5
Evaluate 0 - (-1 - (0 - -1)).
2
Calculate 1 - (0 - -1) - -2.
2
Calculate 0 + (-6 - -13) + -8.
-1
What is the value of (-1 - (-12 + 5 + 3)) + -4?
-1
Evaluate (-6 - (-5 + (9 - 5))) + 2.
-3
What is -2 + -7 + 5 + 0?
-4
What is the value of -19 + 12 - (-16 + 3)?
6
Calculate 8 - 2 - -5 - 5.
6
What is the value of (1 - -12) + (-11 + 14 - 9)?
7
Evaluate (2 - -4) + -4 + (-1 - 6).
-5
(-1 - ((0 - 1) + 7)) + -2
-9
Evaluate 1 - 0 - (-3 - 1) - 4.
1
Calculate -3 + (-2 - -5) - -6 - 5.
1
What is -73 + 60 - (1 - 9)?
-5
-5 - (5 + -8 + 6)
-8
-19 - -16 - 4 - (-2 - 8)
3
Evaluate -60 - -56 - (-6 - 1).
3
What is 2 - ((-2 - 7) + (8 - 6))?
9
Evaluate 0 - (1 + 2 + -1 + 2).
-4
What is -19 - -12 - (-2 - 6)?
1
What is the value of -8 - (-4 + 0 + -7)?
3
What is 10 + -3 + (0 - 3)?
4
-5 - (-10 - -4) - 6 - -6
1
Evaluate -10 - (7 + -2 - (2 - -7)).
-6
Evaluate -4 + -3 + (-2 - (-1 - 3)).
-5
Evaluate 0 - (-5 + (4 - -1)) - 0.
0
What is 1 + (-2 - 3 - -8) + -3?
1
What is the value of (0 + 5 - 1) + 2 - 7?
-1
Evaluate -8 - (-15 - -13) - -3.
-3
What is (6 - (-1 - -1 - 5)) + -5?
6
Evaluate 5 + -2 + -7 + 2.
-2
Calculate -14 - -11 - (-6 - 2).
5
8 + (-5 - 4 - -2)
1
What is -1 + (4 - (-1 + 7)) - -7?
4
(21 - 9) + -2 + -9
1
What is (-9 - -1) + 0 + -5 + 7?
-6
(-2 - ((5 - 4) + -3)) + 4
4
What is 7 + -16 + 1 + 13?
5
What is the value of 15 + -9 - (-1 + -1 + 6)?
2
What is 7 + (2 - (-7 - (-13 + 0)))?
3
Calculate (-9 - -9 - (1 - 5)) + 0.
4
-3 - (-11 - (-7 - -3)) - 0
4
(-6 - -3) + (-6 + 3 - 2)
-8
What is -8 + 0 + (4 - 0)?
-4
Evaluate -5 - (-5 - (-3 + -2)).
-5
Evaluate -3 + 2 + 6 - 5 - 5.
-5
7 - (-7 - (-15 - -8))
7
2 + (8 - 7 - 2)
1
Evaluate (8 - (31 + -14)) + 5 + -1.
-5
What is the value of -1 - (-15 + 2 + 23)?
-11
(-12 - -10) + (1 - 2)
-3
Calculate (18 - 11) + 1 + 2 + -5.
5
What is the value of -6 - (9 + (-24 - -8))?
1
Evaluate -3 - ((-1 - (-5 - 5)) + -7).
-5
Calculate -2 - 2 - (-9 - -7) - 5.
-7
What is the value of 1 - (-1 - 1 - (10 - 13))?
0
8 + -9 - (1 + (1 - 6))
3
Evaluate -1 - -4 - (0 - -3) - 5.
-5
What is (2 - -2) + -9 - -5?
0
4 + -4 + -1 + 5
4
Evaluate (1 + -1 - (-11 - -6)) + -3.
2
What is the value of 2 - (-11 - (-4 - 4))?
5
What is the value of 1 + -7 - (33 + -45)?
6
15 + -13 + -1 + -11 + 3
-7
What is the value of -1 - 5 - (-63 + 65)?
-8
What is -5 + 4 - (-6 + 2)?
3
What is the value of -6 - (3 + (7 - 10) + -11)?
5
What is the value of (-1 - (1 - -2)) + (5 - 4)?
-3
What is (-3 - (-5 - -3)) + 3 + 0?
2
What is the value of (-7 - (5 - -1)) + 5?
-8
What is -10 + (2 + 2 - -1)?
-5
What is the value of -15 + -5 + 19 + -6?
-7
-2 - (4 - (8 - 0))
2
What is the value of (36 - 9 - 11) + -12?
4
Evaluate 1 - -4 - 8 - (-1 + -4).
2
(1 - 3) + 9 + -2 + -1
4
What is -14 + (9 + 12 - 8)?
-1
Calculate -2 + 9 + -14 + 7.
0
Evaluate 6 - (1 + 6 + -4).
3
Calculate -6 - (1 + -7) - -4.
4
What is the value of -2 - -8 - (-7 - -13)?
0
Evaluate -4 - (-12 - -7) - (3 + 1).
-3
What is the value of 0 + -5 - (-6 - -2)?
-1
What is (0 - 1 - -1) + 15 + -19?
-4
Evaluate 4 + (-2 - -3) + -1.
4
What is 1 + 6 + (4 - 10) + 5?
6
What is -10 - (-14 + 6) - (-11 + 5)?
4
What is the value of -7 + (-2 - -9) + -3?
-3
4 - (-8 - -20 - 7)
-1
Calculate 2 + (1 - 4) + 0 + -1.
-2
6 - 0 - (5 - 4)
5
Calculate (6 - (22 - 1)) + (10 - 3).
-8
What is 14 + (9 - (9 + 4))?
10
Calculate -1 - -4 - 1 - (-3 + 10).
-5
Calculate (-17 - -15) + -2 + 5.
1
What is -3 + 11 + -3 + 0 + -4?
1
What is the value of 1 - -3 - (2 - -3)?
-1
(-4 - (1 + 4 + -6)) + -2
-5
Evaluate 4 - (8 - 4 - (1 - 1)).
0
Evaluate 0 - (3 - 0 - (2 + -4)).
-5
Evaluate 2 + 3 - (2 - (0 - 5)).
-2
What is the value of 8 - 8 - 2 - -5?
3
What is -6 + -5 + (8 - 3) + 6?
0
Evaluate 8 - (-4 - -6) - 5.
1
Calculate -10 - -14 - (0 + -3) - 1.
6
Evaluate -2 + 7 + (-4 - -1).
2
Evaluate -9 + 12 + -3 - -4.
4
What is -8 + -10 + 10 + 9?
1
Calculate 0 + 1 + (-2 - 2) - -1.
-2
What is the value of 3 - (3 - 6) - 9?
-3
Calculate 12 + -10 + (-4 - 0) - 1.
-3
Evaluate (-1 - 4) + (-25 - -35).
5
What is the value of (0 - 0) + (2 - 2 - -2)?
2
(16 - 9) + (2 - 0 - 13)
-4
What is the value of 1 - ((-6 - -2) + (11 - 1))?
-5
What is the value of (4 - 0) + (15 - 13) - 7?
-1
Calculate (1 - -10) + (-8 - -5) - 17.
-9
-1 + -1 + -3 + (-2 - -7)
0
-8 + (-3 - (6 + -4 - 7))
-6
Evaluate -5 + 0 - (3 - -1 - 13).
4
-7 - -5 - ((6 - 4) + 1)
-5
(-5 - -4) + (4 - 0) + -7
-4
Calculate 1 - (-1 + 15) - -12.
-1
Evaluate 2 - (-3 + 2 - 3).
6
What is -11 + 4 + 1 + 8?
2
-1 - (6 - 2) - -11
6
Calculate 1 - (2 - ((-4 - -3) + 2)).
0
Evaluate -195 + 179 - (0 - 9).
-7
-5 - (-10 + 5 - (2 + -4))
-2
Calc